 7, 13, 271, 883
List the prime factors of 679063544.
2, 223, 380641
List the prime factors of 70013707.
59, 1186673
List the prime factors of 138418710.
2, 3, 5, 4613957
What are the prime factors of 281562981?
3, 7, 89, 150649
What are the prime factors of 101007999?
3, 17, 337, 653
List the prime factors of 294951314.
2, 7, 21067951
What are the prime factors of 76403614?
2, 7, 1181, 4621
List the prime factors of 19917133.
71, 163, 1721
List the prime factors of 550021184.
2, 8594081
List the prime factors of 3263784464.
2, 2339, 87211
List the prime factors of 194288471.
13, 19, 113, 6961
What are the prime factors of 13486860?
2, 3, 5, 31, 2417
What are the prime factors of 81884059?
81884059
What are the prime factors of 6951188?
2, 19, 91463
List the prime factors of 396857115.
3, 5, 107, 82421
What are the prime factors of 415741419?
3, 29, 1592879
List the prime factors of 7390613336.
2, 227, 4069721
List the prime factors of 153314321.
153314321
What are the prime factors of 785474463?
3, 261824821
What are the prime factors of 299121895?
5, 157, 381047
What are the prime factors of 613039729?
29, 21139301
List the prime factors of 17837906.
2, 8918953
List the prime factors of 44808203.
11, 41, 73, 1361
List the prime factors of 1186177377.
3, 7, 11, 227, 22621
List the prime factors of 1999425945.
3, 5, 11, 12117733
What are the prime factors of 147527201?
89, 1657609
What are the prime factors of 17327868?
2, 3, 1443989
List the prime factors of 22605631.
17, 37, 83, 433
What are the prime factors of 26213937?
3, 8737979
What are the prime factors of 43392309?
3, 41, 131, 2693
What are the prime factors of 88802024?
2, 11100253
List the prime factors of 733507319.
71, 10331089
List the prime factors of 256850709.
3, 29, 2952307
List the prime factors of 439723316.
2, 109930829
List the prime factors of 267358427.
7, 38194061
List the prime factors of 91459558.
2, 17, 59, 127, 359
What are the prime factors of 38952049?
17, 47, 48751
List the prime factors of 798210446.
2, 11, 23, 271, 5821
List the prime factors of 635865011.
635865011
What are the prime factors of 293039416?
2, 1097, 33391
List the prime factors of 152316140.
2, 5, 7615807
List the prime factors of 392216708.
2, 13, 7542629
List the prime factors of 86966851.
86966851
List the prime factors of 265137618.
2, 3, 44189603
What are the prime factors of 889641670?
2, 5, 88964167
List the prime factors of 275134074.
2, 3, 2381, 19259
What are the prime factors of 161243743?
37, 929, 4691
What are the prime factors of 56903071?
103, 113, 4889
List the prime factors of 1532166645.
3, 5, 102144443
List the prime factors of 44755977.
3, 7, 37, 57601
List the prime factors of 3493666044.
2, 3, 11, 71, 137, 907
List the prime factors of 61358773.
7, 8765539
List the prime factors of 376657636.
2, 547, 172147
What are the prime factors of 137933349?
3, 45977783
List the prime factors of 6492412.
2, 139, 11677
What are the prime factors of 310574899?
101, 109, 28211
List the prime factors of 3650020852.
2, 29, 31465697
List the prime factors of 352680133.
13, 4861, 5581
What are the prime factors of 111897672?
2, 3, 17, 274259
What are the prime factors of 614141387?
614141387
List the prime factors of 24809216.
2, 96911
What are the prime factors of 19373388?
2, 3, 19, 31, 2741
What are the prime factors of 65361833?
353, 185161
What are the prime factors of 662803279?
6199, 106921
List the prime factors of 1656447627.
3, 552149209
List the prime factors of 63663644.
2, 11, 1446901
What are the prime factors of 175071399?
3, 58357133
List the prime factors of 106576759.
6163, 17293
What are the prime factors of 100030334?
2, 50015167
List the prime factors of 3751215201.
3, 19, 21936931
List the prime factors of 32531174.
2, 13, 317, 3947
List the prime factors of 50674808.
2, 727, 8713
What are the prime factors of 4324565182?
2, 7, 967, 319439
List the prime factors of 735829816.
2, 263, 349729
List the prime factors of 4669427498.
2, 19, 122879671
What are the prime factors of 1230574969?
13, 94659613
What are the prime factors of 1319026252?
2, 41, 8042843
List the prime factors of 93622602.
2, 3, 1453, 10739
List the prime factors of 1456385291.
17, 8923, 9601
List the prime factors of 3763422.
2, 3, 13, 1787
What are the prime factors of 445372674?
2, 3, 53, 1400543
List the prime factors of 1517842247.
79, 19213193
What are the prime factors of 72272769?
3, 257, 93739
What are the prime factors of 657201889?
883, 744283
What are the prime factors of 61001195?
5, 12200239
List the prime factors of 1902197224.
2, 237774653
List the prime factors of 240619909.
240619909
List the prime factors of 638210302.
2, 23, 2969, 4673
List the prime factors of 133731866.
2, 67, 311, 3209
List the prime factors of 63160112.
2, 3947507
What are the prime factors of 732203718?
2, 3, 122033953
List the prime factors of 524653076.
2, 131163269
What are the prime factors of 1332842008?
2, 181, 277, 3323
List the prime factors of 110998670.
2, 5, 479, 23173
What are the prime factors of 76204910?
2, 5, 7620491
What are the prime factors of 2158755944?
2, 41, 197, 33409
List the prime factors of 127328030.
2, 5, 12732803
What are the prime factors of 624405717?
3, 13, 5336801
List the prime factors of 142567314.
2, 3, 373, 63703
List the prime factors of 358658282.
2, 17, 31, 340283
What are the prime factors of 74792980?
2, 5, 47, 251, 317
What are the prime factors of 17732034?
2, 3, 23, 4759
List the prime factors of 49138298.
2, 11, 491, 4549
What are the prime factors of 100361662?
2, 50180831
List the prime factors of 79724327.
7717, 10331
List the prime factors of 1080807237.
3, 23, 5221291
What are the prime factors of 911701202?
2, 71, 6420431
List the prime factors of 400453044.
2, 3, 19, 61, 28793
What are the prime factors of 176250041?
11, 1759, 9109
What are the prime factors of 2729537543?
719, 1901, 1997
List the prime factors of 431833576.
2, 53979197
List the prime factors of 1505123375.
5, 7, 311, 5531
What are the prime factors of 20832331?
13, 1602487
List the prime factors of 2344041243.
3, 17, 157, 97583
What are the prime factors of 49129850?
2, 5, 7, 11, 1823
List the prime factors of 260421825.
3, 5, 3472291
What are the prime factors of 38652610?
2, 5, 269, 14369
What are the prime factors of 375219775?
5, 7, 37, 167, 347
List the prime factors of 761071.
47, 16193
List the prime factors of 135593900.
2, 5, 13, 37, 2819
List the prime factors of 3723368864.
2, 116355277
List the prime factors of 960798222.
2, 3, 53377679
What are the prime factors of 56985726?
2, 3, 7, 239, 811
List the prime factors of 4509876935.
5, 233, 3871139
List the prime factors of 111046725.
3, 5, 493541
List the prime factors of 316639653.
3, 11, 2029, 4729
What are the prime factors of 285885848?
2, 35735731
What are the prime factors of 69672674?
2, 29, 607, 1979
What are the prime factors of 3027616666?
2, 17, 523, 170263
What are the prime factors of 5643787637?
37, 41, 3720361
List the prime factors of 65225766.
2, 3, 1231, 8831
List the prime factors of 5686186879.
431, 13193009
List the prime factors of 476582491.
7, 11, 19, 29, 47, 239
What are the prime factors of 390364956?
2, 3, 19, 197, 2897
What are the prime factors of 64671609?
3, 21557203
What are the prime factors of 355651430?
2, 5, 35565143
List the prime factors of 3634743236.
2, 1327, 684767
What are the prime factors of 950689115?
5, 107, 1776989
List the prime factors of 1273125355.
5, 163, 641, 2437
What are the prime factors of 23335689?
3, 13, 46027
List the prime factors of 802975678.
2, 23, 467, 37379
What are the prime factors of 100505608?
2, 7, 811, 2213
What are the prime factors of 11341729?
7, 1620247
What are the prime factors of 3719754974?
2, 13, 79, 1810981
List the prime factors of 52157055.
3, 5, 3477137
What are the prime factors of 500350214?
2, 7, 13, 113, 24329
What are the prime factors of 9212392016?
2, 31, 37, 16193
List the prime factors of 3469826949.
3, 19, 53, 61, 991
What are the prime factors of 1029804367?
1029804367
What are the prime factors of 145999947?
3, 673, 72313
List the prime factors of 4384439880.
2, 3, 5, 197, 185467
List the prime factors of 703576912.
2, 43973557
W